by 8.
7
Suppose 154 = 3*t + 4. Let k = 21861 - 21860. Calculate the remainder when t is divided by k.
0
Let k be (-987)/(-12) - (-5)/(-4). Suppose -g + k = -2. What is the remainder when g is divided by 23?
14
Suppose 0 = -3*j + j + 74. Let k = 85 - j. Calculate the remainder when k is divided by 15.
3
Calculate the remainder when 107 is divided by (-22)/(-33)*(-1650)/(-44).
7
Let a be (-4 - -8 - -84)*1. Suppose -4*y + 3*d + a = 0, -3*y + d + 66 = 3*d. Calculate the remainder when 108 + (-3 + 6 - 3) is divided by y.
20
Suppose -3194 + 9895 = 4*n + 5*k, -k = -2*n + 3361. Calculate the remainder when n is divided by 14.
13
Let m(n) = -857*n - 3463. What is the remainder when m(-13) is divided by 32?
30
Suppose 979*c = 1025*c - 5060. Calculate the remainder when 206 is divided by c.
96
Let m = -774 - -777. Suppose m*c = -5*o + 88, 3*o = -35*c + 36*c - 48. Calculate the remainder when 101 is divided by c.
29
Let z be ((70/(-21))/(-5))/(1/(-114)). Let s = 89 + z. Calculate the remainder when 64 is divided by s.
12
Let o = 36 - 52. Let d = o - -43. What is the remainder when 12/(-8)*(-212)/6 is divided by d?
26
Let x(y) = 4*y**2 - 24*y + 13. Let n be x(11). Suppose 11*j = n - 79. Calculate the remainder when 26 is divided by j.
12
Suppose 5*s - x - 71 = 0, 0 = x - 28 + 24. What is the remainder when (26/39)/(1/381) is divided by s?
14
Let o be 3/2*2/3. Calculate the remainder when 145 is divided by -15*(o/4 + 27/(-12)).
25
Calculate the remainder when (-26)/(-39) - (-251250)/45 is divided by 3.
1
Let o(u) = u**2 - 28. Let c be (14/7*-1)/(4/6). Let h be c/(((-7)/(-2))/7). What is the remainder when 31 is divided by o(h)?
7
Suppose -5*m - 28 = 5*z + 612, 124 = -z - 5*m. Let r = 219 + z. What is the remainder when r is divided by 19?
14
Let x be 0 - 3 - (-11 - -6). Calculate the remainder when 264 + (8 - x) + 5 is divided by 70.
65
Suppose -5*j + 1287 = -5*d - 28, 3*j - 793 = 2*d. Let c = -23 + j. What is the remainder when c is divided by 62?
58
Let h(t) = 2*t**2 - 8*t - 10. Let l be h(5). Suppose l = b + 4*a - 2, -20 = -3*b - 2*a - 4. Calculate the remainder when 33 is divided by b.
3
Suppose 0 = 8*a - 48 - 36 - 580. What is the remainder when a is divided by 18?
11
Let i be 670/16 - (246/(-48) + 5). Let m = i - -40. Calculate the remainder when m is divided by 12.
10
Let j = 742 - 428. What is the remainder when 1602 is divided by j?
32
Suppose k - 14 = -2*o, 0*k - 5*k + 15 = -o. Suppose -o*q - 3*h + 186 = 0, -4*h - 164 = -3*q - 35. What is the remainder when 145 is divided by q?
28
Let i = -380 + 401. Suppose -s = -2*p + i, -2*p + 4*s - 1 + 19 = 0. What is the remainder when 104 is divided by p?
5
Let i(h) = -2*h**3 - 17*h**2 - 10*h + 21. Suppose -6*m + 156 - 204 = 0. What is the remainder when (-2)/(-1) + (-2 - -147) is divided by i(m)?
36
Let h(w) = w**2 - 2*w - 13. Let a(l) = -19*l + 83. Let v be a(4). Calculate the remainder when 161 is divided by h(v).
7
Let j(s) = -s**2 + 16*s - 33. Let p = 243 + -231. What is the remainder when (-1 - 0) + 135/3 is divided by j(p)?
14
Suppose 0 = 179*t - 182*t - 4*v + 1783, 4*t + 3*v = 2382. What is the remainder when t is divided by 44?
25
Suppose -f - w = f - 5, -f - 8 = 4*w. Suppose -l - 4*t = -304, -f*l = -0*l + 2*t - 1188. What is the remainder when 87 is divided by l/20 + (-6)/(-30)?
12
Suppose 3*z - v = 19, -4*z + 17 = -0*v - 3*v. Suppose 9*d + 183 - 597 = 0. What is the remainder when d is divided by z?
6
Suppose -104*q + 120*q - 432 = 0. What is the remainder when (-10754)/(-57) - 4/6 is divided by q?
26
Suppose 6*o = -3*h + 15648, -5*o + 10043 = 3*h - 2997. Calculate the remainder when o is divided by 868.
4
Suppose 3379*w = 3425*w - 53406. What is the remainder when w is divided by 14?
13
Let o(m) = m**3 + m**2 + 3*m - 5. Suppose 0*i + h = -5*i - 152, 0 = -h - 2. Let k(z) = -z**2 - 33*z - 59. What is the remainder when o(4) is divided by k(i)?
25
Let r(n) = -12*n + 30. Let o be r(-2). Calculate the remainder when (212/12)/(9/o) is divided by 2/((-1)/1) + 38.
34
Let i(t) = -2*t**2 + 52*t - 43. Let u be i(20). Let s = -174 + u. Calculate the remainder when 41 is divided by s.
18
Let x(c) = 45*c**2 + 13*c + 1. What is the remainder when 456 is divided by x(3)?
11
Suppose -3*q + 0*q = -2*a - 150, 4*q = -a - 97. Let v = -82 - a. Calculate the remainder when 60 is divided by ((-620)/(-20))/(v - -2).
29
Suppose 24612 = 102*s + 1090 - 13096. Calculate the remainder when 1440 is divided by s.
4
Calculate the remainder when 630 is divided by ((-5)/95)/((-7)/(-14)) - 192/(-19).
0
Let q(y) = y - 6. Let c be q(8). Let w(r) = 2*r**2 + 4*r - 10. Let v = 50 - 41. What is the remainder when v is divided by w(c)?
3
Suppose -577 = -r - 4*x, -x = 5*r + 2*x - 2970. Let t = 620 - r. What is the remainder when t is divided by 13?
10
Suppose -3559 = -11*g - 61. Let j = 21 - -60. What is the remainder when g is divided by j?
75
Suppose 6*i = 10*i - 236. Let w = i - 21. What is the remainder when w is divided by 2*(0 + 1 + 3)?
6
Suppose -5*v - 6*c + 3*c = 21, 0 = -v + 2*c + 1. Let n = v - -22. What is the remainder when n is divided by 1/5 + 162/15?
8
Let y = 120 + -81. Suppose y + 87 = i. What is the remainder when i is divided by 16?
14
Suppose -n + 3*n = 4*p - 10, -5*p = 4*n + 7. Let i = n - -154. Calculate the remainder when i is divided by 33.
19
Let p = -293 - -306. Let w(a) = 48*a**2 + a + 2. What is the remainder when w(-1) is divided by p?
10
Suppose 2*x - 30624 = -27*x. What is the remainder when x is divided by 89?
77
Suppose 5*x + 10 = 0, -4*p + 482 = 4*x - 290. Let s = -55 + p. Calculate the remainder when s is divided by 22.
8
Suppose -46*d = -387 - 1821. Suppose 0 = -d*j + 14*j + 1564. Calculate the remainder when 172 is divided by j.
34
Let r(q) = 5*q**3 + q**2 - 3*q + 121. Calculate the remainder when r(0) is divided by 46.
29
Let c(z) = 287*z**2 - 263*z - 4. Suppose 193 = 5*b - 152. What is the remainder when b is divided by c(1)?
9
Suppose m - 8 = b + 4, -3*m + 2*b = -34. Let r(v) = 16*v**2 - 2*v. Calculate the remainder when r(-2) is divided by m.
8
Let p be -2 + (-2)/1 - 2. Suppose 2*l = -4*o + 14, -2*o + 1 = -9. What is the remainder when 3 is divided by (1 - l) + 4 + p?
1
Suppose 11*x - 8*x = -4*j + 849, -x = j - 282. Suppose 4*y = -5*o + x, 5*o - 7 - 8 = 0. Calculate the remainder when 190 is divided by y.
58
Let x(v) be the third derivative of 0 + 0*v - 7*v**2 - 11/30*v**6 + 0*v**4 - 1/30*v**5 + 2/3*v**3. What is the remainder when x(-2) is divided by 39?
36
Suppose 3*o - 7211 = -4*u + 2297, -5*o - 7160 = -3*u. Calculate the remainder when 285 is divided by (-2)/7 + (u/49)/2.
21
Let z(k) = -k**3 - 17*k**2 + 9*k + 156. Let d be ((-15)/4)/(18/(-48)). Let x = -9 + d. What is the remainder when z(-17) is divided by x?
0
Suppose -36 = -225*o + 224*o. Let c(t) = 2*t**2 - 74*t + 83. Calculate the remainder when 217 is divided by c(o).
8
Suppose 18*h + 4*l - 5*l - 1585 = 16*h, 15 = l. Suppose 5*a = 7*c - 3*c - 381, 5*a - 420 = -5*c. What is the remainder when h is divided by c?
88
Let p(j) = -1724*j + 12431. Calculate the remainder when 425 is divided by p(7).
62
Suppose 4*z - 129 = -3*q, -z = -48*q + 49*q - 33. Calculate the remainder when 3269 is divided by z.
29
Let v = 6409 + -6389. Calculate the remainder when 958 is divided by v.
18
Let v = -284 + 96. Let c = 230 + v. What is the remainder when c is divided by 32?
10
Suppose -7*s = 14*s - 11676. Suppose -s - 380 = -13*y. Calculate the remainder when 210 is divided by y.
66
Calculate the remainder when (-3465)/(-315) + 770/2 is divided by 102.
90
Let h(i) = -i**3 - 15*i**2 - 20*i - 6. Let s = 50 + -64. What is the remainder when h(s) is divided by 24?
6
Let t(n) = 2*n + 2. Let d(r) = 1. Let z(a) = -2*d(a) + t(a). Let x be z(-5). Calculate the remainder when 74 is divided by (-2)/4 - 115/x.
8
Let p = 33536 - 32205. Calculate the remainder when p is divided by 261.
26
Suppose -5*b + 2*a = -756, -3*a = 3*b - 548 + 107. Let r = -136 - -175. Calculate the remainder when b is divided by r.
33
Let u(m) = 156*m**2 - 36*m + 3. Calculate the remainder when u(8) is divided by 147.
144
Suppose -c = -2*c + 10. Let i = 244 - 370. Calculate the remainder when ((-315)/i)/((-10)/(-116)) is divided by c.
9
Let p = -41413 - -41492. Calculate the remainder when 460 i